{"id":13,"date":"2016-11-06T13:28:49","date_gmt":"2016-11-06T11:28:49","guid":{"rendered":"http:\/\/www.doptech.sk\/?page_id=13"},"modified":"2017-03-08T09:54:12","modified_gmt":"2017-03-08T07:54:12","slug":"objednaj-si-dopravu","status":"publish","type":"page","link":"http:\/\/www.doptech.sk\/?page_id=13","title":{"rendered":"OBJEDNAJ SI DOPRAVU"},"content":{"rendered":"<ul>\n<li><strong>objedn\u00e1te si vozidlo , dohodnete cenu a v priebehu p\u00e1r min\u00fat sa V\u00e1m ozve \u0161of\u00e9r vozidla<br \/>\n<\/strong><\/li>\n<li><\/li>\n<li><strong>porad\u00edme V\u00e1m s v\u00fdberom vozidla a sp\u00f4sobom prepravy<\/strong><\/li>\n<li><\/li>\n<li><strong>budeme \u010daka\u0165 na Va\u0161u pozit\u00edvnu sp\u00e4tn\u00fa v\u00e4zbu<\/strong><\/li>\n<\/ul>\n\n<div class=\"wpcf7 no-js\" id=\"wpcf7-f26-o1\" lang=\"sk-SK\" dir=\"ltr\" data-wpcf7-id=\"26\">\n<div class=\"screen-reader-response\"><p role=\"status\" aria-live=\"polite\" aria-atomic=\"true\"><\/p> <ul><\/ul><\/div>\n<form action=\"\/index.php?rest_route=%2Fwp%2Fv2%2Fpages%2F13#wpcf7-f26-o1\" method=\"post\" class=\"wpcf7-form init\" aria-label=\"Kontaktn\u00fd formul\u00e1r\" novalidate=\"novalidate\" data-status=\"init\">\n<fieldset class=\"hidden-fields-container\"><input type=\"hidden\" name=\"_wpcf7\" value=\"26\" \/><input type=\"hidden\" name=\"_wpcf7_version\" value=\"6.1.5\" \/><input type=\"hidden\" name=\"_wpcf7_locale\" value=\"sk_SK\" \/><input type=\"hidden\" name=\"_wpcf7_unit_tag\" value=\"wpcf7-f26-o1\" \/><input type=\"hidden\" name=\"_wpcf7_container_post\" value=\"0\" \/><input type=\"hidden\" name=\"_wpcf7_posted_data_hash\" value=\"\" \/>\n<\/fieldset>\n<div class=\"wpcf7-response-output\" aria-hidden=\"true\"><\/div>\n<\/form>\n<\/div>\n\n","protected":false},"excerpt":{"rendered":"<p>objedn\u00e1te si vozidlo , dohodnete cenu a v priebehu p\u00e1r min\u00fat sa V\u00e1m ozve \u0161of\u00e9r vozidla porad\u00edme V\u00e1m s v\u00fdberom vozidla a sp\u00f4sobom prepravy budeme \u010daka\u0165 na Va\u0161u pozit\u00edvnu sp\u00e4tn\u00fa v\u00e4zbu<\/p>\n","protected":false},"author":1,"featured_media":0,"parent":0,"menu_order":2,"comment_status":"closed","ping_status":"closed","template":"","meta":{"footnotes":""},"class_list":["post-13","page","type-page","status-publish","hentry"],"_links":{"self":[{"href":"http:\/\/www.doptech.sk\/index.php?rest_route=\/wp\/v2\/pages\/13","targetHints":{"allow":["GET"]}}],"collection":[{"href":"http:\/\/www.doptech.sk\/index.php?rest_route=\/wp\/v2\/pages"}],"about":[{"href":"http:\/\/www.doptech.sk\/index.php?rest_route=\/wp\/v2\/types\/page"}],"author":[{"embeddable":true,"href":"http:\/\/www.doptech.sk\/index.php?rest_route=\/wp\/v2\/users\/1"}],"replies":[{"embeddable":true,"href":"http:\/\/www.doptech.sk\/index.php?rest_route=%2Fwp%2Fv2%2Fcomments&post=13"}],"version-history":[{"count":4,"href":"http:\/\/www.doptech.sk\/index.php?rest_route=\/wp\/v2\/pages\/13\/revisions"}],"predecessor-version":[{"id":512,"href":"http:\/\/www.doptech.sk\/index.php?rest_route=\/wp\/v2\/pages\/13\/revisions\/512"}],"wp:attachment":[{"href":"http:\/\/www.doptech.sk\/index.php?rest_route=%2Fwp%2Fv2%2Fmedia&parent=13"}],"curies":[{"name":"wp","href":"https:\/\/api.w.org\/{rel}","templated":true}]}}